 - 2*g**2 + c - 1 - 1. Give r(w).
-5
Suppose j - 3 = 17. Let x(y) = y - 6*y + 0*y - j + 16. Give x(6).
-34
Let x(a) = -a**2 + 4*a + 21. Let r be x(7). Let b(t) = 36*t + t**2 + 30*t + r*t**2 - 63*t. What is b(-6)?
18
Let w = -49 + 63. Suppose 3*n - w + 5 = 0. Let z(v) = 6*v**2 - 2*v**2 - 5*v**2 + n*v**2 - 2*v. What is z(2)?
4
Let v(r) = 8*r - 3*r + 12 + 13 - 27. Suppose q + 0 = 5. Suppose 7*m + 4 = q*m. Determine v(m).
-12
Let a(n) = n**3 + 22*n**2 - 21*n + 25. Let b = -6121 + 6098. What is a(b)?
-21
Let u(z) = z**2 + 2*z + 2. Let k(s) = -5*s**2 - 2*s - 10. Let g(b) = k(b) + 4*u(b). Let d be (-2)/1 - (11 - 16). Give g(d).
7
Let f(h) = 25*h + 344*h**2 - 138*h**2 - 5 - 205*h**2 - 8*h. Determine f(-11).
-71
Let b(s) = -s**3 - 3*s**2 - 2*s - 3. Let f = 11 - -34. Suppose 4*u - 37 = -f. What is b(u)?
-3
Suppose -7*g + 3*g + 4 = 0, -2*g + 3 = r. Let b(z) be the second derivative of -z**3/6 - 43*z - 16. Let j(x) = -3*x + 9. Let f(n) = r*j(n) - 4*b(n). Give f(8).
17
Suppose -20*g - 24 = 10*g + 216. Let n(v) be the third derivative of 0*v + 1/12*v**4 + 7/6*v**3 - 4*v**2 + 0. Determine n(g).
-9
Let a(k) = 2*k + 20. Let l(s) = 2*s + 10. Let v(h) = 4*a(h) - 7*l(h). Calculate v(4).
-14
Let a = 7 - 7. Suppose 0*t - 3*d + 5 = -2*t, -5 = -d. Suppose a = -b - t. Let r(g) = g**3 + 4*g**2 - 4*g + 4. Give r(b).
-1
Let c(r) = 7*r + 17. Let z(o) = 3*o + 12. Let u(s) = 5*c(s) - 7*z(s). Let b be (1/(-3))/(5/(-15)). Determine u(b).
15
Let a(r) = -35*r - 270. Let d(y) = -9*y - 74. Let w(o) = -4*a(o) + 15*d(o). What is w(3)?
-15
Suppose 0 = -5*b + 3*b + 6. Let f be (b - 4)/(1/(-2)). Let n(a) be the second derivative of -a**5/10 + 2*a**3/3 - 3*a**2/2 - 300*a. Determine n(f).
-11
Let v(j) = -j + 3. Let q(p) = 2*p - 7. Let s(g) = 3*q(g) + 5*v(g). Suppose 1381*d - 35 = 1376*d. Give s(d).
1
Let b(y) be the first derivative of y**3/6 + 4*y**2 + y - 3. Let r(m) be the first derivative of b(m). Let i be (-6 + (0 - -6))/(-2). Determine r(i).
8
Let d(p) = 6*p - 1. Let q(z) = 94*z - 116. Let f be q(2). Suppose 46 - 322 = -4*u. Let b = f - u. Determine d(b).
17
Let m(b) = b**2 - 4*b + 8. Let n(f) be the third derivative of -f**4/24 + 13*f**3/6 + 18*f**2. Let a be n(7). Give m(a).
20
Let w(t) = 840 - 1704 - 12*t + 730. What is w(-11)?
-2
Let r(g) be the second derivative of -g**5/20 - 7*g**4/12 - g**3 - 7*g**2/2 - 2*g. Let l be -1 - 5 - ((-53 - -9) + -3). Suppose 24*m = l*m + 102. What is r(m)?
-7
Let i(j) = -j**3 - 263 + 184 + 7*j**2 + 82 + 2*j**2 + 2*j. What is i(4)?
91
Let n(j) be the third derivative of j**8/6720 - j**7/252 + j**6/90 + j**5/10 + 95*j**4/12 + 84*j**2. Let l(i) be the second derivative of n(i). Determine l(9).
3
Let m(x) = x**3 + 18*x**2 + 18*x - 22. Let q(h) = -h**3 + h - 2. Let c(o) = m(o) + 2*q(o). Calculate c(19).
-7
Let f = -14840 + 14847. Let h(d) = -2*d**2 + 18*d - 66. Give h(f).
-38
Let m(u) be the second derivative of u**5/10 - u**4/2 + 2*u**3/3 + u**2 - 517*u. Calculate m(4).
50
Let c(h) = -26*h**3 + 112*h**2 + 96*h + 64. Let x(i) = 5*i**3 - 22*i**2 - 19*i - 13. Let y(b) = 3*c(b) + 16*x(b). What is y(9)?
2
Let s(q) = 3*q**3 - 3*q**2 + 6*q - 9. Let t be s(2). Suppose 11*v + t = 6*v. Let c(h) = h**3 + h**2 - 4*h - 3. Calculate c(v).
-9
Let l(j) = -j + 293777 - 5*j - 146871 - 146885. Give l(9).
-33
Let v(a) = a**3 - 6*a**2 - 8*a - 12. Let n(u) = -330*u + 7. Let c be n(0). What is v(c)?
-19
Let q(c) = -47*c**2 + 30*c - 47. Let t(j) = 23*j**2 - 17*j + 25. Let m(h) = -6*q(h) - 11*t(h). Calculate m(-1).
29
Let m(f) be the first derivative of -2*f**3/3 + f**2 + 15*f - 2135. Determine m(6).
-45
Let x(a) = -13*a - 9. Let y be 8 - (-55)/(-5) - 1. Let i(f) = -4*f. Let v(p) = y*i(p) + x(p). What is v(5)?
6
Let k(m) = m**2 + 11*m + 14. Suppose -129*r + 990 = -239*r. Give k(r).
-4
Let f(b) = b**3 + 21*b**2 - 24*b - 1. Suppose 36*m - 4*l = 39*m + 82, 0 = m - 4*l + 6. What is f(m)?
43
Let w(g) = g**3 + 7*g**2 + 4*g + 26. Let y(q) = q**3 + 7*q**2 + 3*q + 21. Let i(x) = 5*w(x) - 6*y(x). Suppose 7 = -8*a + 7*a. What is i(a)?
-10
Let c = -2039 - -3548. Let s(l) = 2*l**2 - c + 3028 - 1519 + 2*l. Give s(-3).
12
Let l(k) be the second derivative of -6*k + 2/3*k**3 + 2 + 1/12*k**4 + 0*k**2. What is l(-6)?
12
Let d(f) = 26*f**2 - 96*f - 5. Let x be d(4). Let l(s) = -s**3 + 27*s**2 - 3*s + 64. Determine l(x).
-17
Let t(a) = a**2 - 17*a + 9 - 8 + 2*a**2 + 3 + a**3. Calculate t(3).
7
Let q(m) = -m**3 - 9*m**2 - 14*m + 9. Suppose 40 = -5*u + 5. Let r be q(u). Let o(c) = 0 - 11*c**2 + r*c**2 + 1. Determine o(1).
-1
Suppose 9*q = -3*q. Let n(a) = -a**2 + 2*a - 8. Calculate n(q).
-8
Let q(i) = -2*i**2 - 2*i + 2. Let z(l) = -7*l**2 - 4*l + 9. Let t(s) = -3*q(s) + z(s). What is t(3)?
0
Suppose -72*i = -140*i - 1292. Let w(z) = z**2 + 7*z - 230. What is w(i)?
-2
Let j = -293 + 295. Let o(l) = -54*l - 1 + 51*l - j. Give o(0).
-3
Let w(i) = -213 + 43*i + 56*i - 93*i - 93. Give w(52).
6
Let z(f) = 17*f + 34. Suppose 195*q + 603 = -6*q. Determine z(q).
-17
Let p be (-2690)/(-2152)*6/(-45)*-6. Let c(f) = 2*f**3 + 7*f**2 + f - 3. Give c(p).
7
Let j = -4930 + 4927. Let i(z) = -19*z - 4. Calculate i(j).
53
Let l(h) be the second derivative of -h**6/60 + h**4/24 - 17*h**2/2 + 75*h. Let p(w) be the first derivative of l(w). Calculate p(-1).
1
Let n(c) be the first derivative of -1/2*c**2 + 10*c + 14. Calculate n(8).
2
Let i(c) be the first derivative of 3*c**2 - c - 1. Let u be 0*(-2)/(-20)*5. Suppose -5*v - 220 + 215 = u. Calculate i(v).
-7
Let a(j) = j**2 - 7*j - 10. Let c = -32234 - -32237. Calculate a(c).
-22
Let o = -90 - -69. Let s = -20 + 37. Let g = o + s. Let j(y) = -2*y**2 - 5*y - 1. Calculate j(g).
-13
Let l(k) be the first derivative of k**4/4 + k**2/2 - 1. Let t(o) = -o**3 - 17*o**2 + 3*o + 66. Let u be t(-17). Suppose -u*q = -65*q - 50. Calculate l(q).
-2
Suppose 53*i - 5788 = -6159. Let j(l) = -21*l - 148. Calculate j(i).
-1
Let b be -2 - (-11)/5 - (-48)/10. Suppose 51 = b*w + 11. Let x(f) be the third derivative of -f**5/60 + f**4/3 - f**3/2 - f**2. Calculate x(w).
-3
Let g(k) = 5*k**3 - 12*k**2 + 20*k - 6. Let a(p) = -4*p**3 + 13*p**2 - 19*p + 6. Suppose 0 = -3*h + 97 - 109. Let t(i) = h*a(i) - 3*g(i). What is t(15)?
9
Let z(c) = -41*c - 2095 - 25*c**2 + 27*c**2 + 3*c + 2273. What is z(11)?
2
Let c(j) be the first derivative of -j**4/4 + j**3 + 3*j + 5548. Calculate c(5).
-47
Let t(f) = -2*f**2 + 12*f + 5. Let a be ((-10)/16)/(215/(-1720)). Calculate t(a).
15
Let i be (2/(-2))/1 - -7. Suppose 46*r = 124*r - 234. Let o(j) = -374*j**3 + 373*j**r - 6*j - 2*j + 7*j**2 - 1 + 11 - 1. What is o(i)?
-3
Let k(u) = u**2 - 4*u - 2. Suppose 0 = -3*g, -t = -2*t + 5*g. Suppose -16*z + 12*z + 20 = t. Determine k(z).
3
Let v(d) = -d**3 + 6*d**2 - 3. Let r = 975 + -583. Let z = 398 - r. Give v(z).
-3
Let f(s) be the third derivative of s**5/30 + s**4/24 - 29*s**3/6 - 1509*s**2 - s. What is f(4)?
7
Let h(r) = 7*r - 5. Let b = 2685 + -2687. What is h(b)?
-19
Let w(m) = -m - 58. Let n(u) = 5*u**2 - 42*u. Let a be n(8). Determine w(a).
-42
Let d(u) = 7*u - 3. Let l be ((-204)/170)/(2/(-10)). Let x be -2 + (28/l - 1/(-3)). What is d(x)?
18
Let r(s) = 22*s**3 + 64*s**2 - 17*s - 51. Let h(p) = -25*p**3 - 70*p**2 + 16*p + 51. Let n(k) = 7*h(k) + 8*r(k). What is n(-23)?
-28
Let v(d) = 34*d + 352. Let f(x) = 38*x + 350. Let z(s) = -3*f(s) + 4*v(s). Calculate z(-16).
6
Let u(s) = -502*s + 554*s - 1687 + 1686. Give u(1).
51
Let h(j) = -21*j + 3 + j**3 + 19 - 4 - 8*j**2 - 8. Calculate h(10).
0
Let m = 25749 - 25744. Let x(u) = 102*u - 514. Calculate x(m).
-4
Let o(q) = q**3 + 4*q**3 - q + 389*q**2 - 386*q**2 - 4*q**3. Let h = -5 - -1. Calculate o(h).
-12
Let a(s) = 446*s - 6707. Let f be a(15). Let q(t) = -t**2 - 16*t + 1. Give q(f).
-16
Let w(g) = -2*g - 11. Suppose 11*d = 3437 - 291. Let q = -277 + d. Calculate w(q).
-29
Let w(p) = p - 15. Let t be (3 + 0)/((-29)/(-609) - (-260)/(-168)). What is w(t)?
-17
Suppose -6*g + 8 = -4*g. Let v = 8 - g. Let d(y) = 3 - y + 10 - 14. What is d(v)?
-5
Let b(f) = -f**3 - 6*f**2 + f - 2. Let q be 6/(-4)*360/135. Calculate b(q).
-38
Let w(m) = -m**2 - m + 7. Let r(k) = k**3 - 31*k**2 - 13*k + 409. Let l be r(31). What is w(l)?
-35
Let d be (-6 - 11) + 1060/60. Let j(n) be the first derivative of 0*n**2 + d*n**3 + n + 38. What is j(-1)?
3
Let t(q) = -45131*q - 22 - 45148*q 